f 9330 and 150.
30
What is the greatest common factor of 47 and 403401?
47
What is the greatest common divisor of 530 and 131250?
10
Calculate the highest common factor of 6210 and 16330.
230
What is the highest common divisor of 234532 and 204?
68
Calculate the highest common divisor of 2352429 and 6795.
1359
Calculate the greatest common factor of 1632136 and 136.
136
Calculate the highest common factor of 36 and 42.
6
Calculate the greatest common divisor of 123689 and 179.
179
Calculate the highest common factor of 379 and 894819.
379
Calculate the highest common factor of 788 and 287817.
197
What is the greatest common divisor of 68 and 44897?
17
What is the greatest common factor of 172123 and 938?
469
Calculate the highest common factor of 3630 and 641058.
726
Calculate the greatest common divisor of 496 and 80.
16
Calculate the highest common factor of 63387 and 18.
9
Calculate the greatest common divisor of 507 and 723996.
507
What is the greatest common factor of 78 and 19994?
26
Calculate the highest common factor of 218792 and 1960.
56
What is the highest common factor of 343 and 1659?
7
What is the greatest common factor of 9259 and 12549?
47
What is the highest common divisor of 475 and 5275?
25
What is the highest common factor of 211 and 40090?
211
Calculate the greatest common divisor of 20319 and 65.
13
What is the greatest common divisor of 455592 and 738?
246
What is the highest common factor of 445797 and 209?
209
Calculate the greatest common factor of 41223 and 147.
21
Calculate the greatest common divisor of 564962 and 2.
2
Calculate the highest common factor of 144 and 41940.
36
Calculate the highest common divisor of 192 and 1446.
6
Calculate the greatest common factor of 22 and 1380852.
22
What is the greatest common factor of 35446 and 54606?
958
Calculate the highest common divisor of 39942 and 11574.
18
Calculate the highest common divisor of 329767 and 731.
43
Calculate the greatest common divisor of 97834 and 220.
22
Calculate the highest common divisor of 1181 and 9883789.
1181
Calculate the greatest common factor of 740058 and 462.
66
Calculate the greatest common divisor of 1968109 and 11.
11
Calculate the greatest common factor of 143595 and 1305.
45
What is the greatest common divisor of 176 and 26686?
22
What is the greatest common factor of 4540 and 2830?
10
Calculate the greatest common factor of 81996 and 8.
4
Calculate the greatest common factor of 59816 and 936.
8
What is the highest common factor of 24630 and 22830?
30
What is the highest common factor of 1386 and 11214?
126
What is the greatest common factor of 423766 and 28?
14
What is the greatest common divisor of 693 and 2959?
11
Calculate the greatest common divisor of 343158 and 36.
6
Calculate the greatest common factor of 9657 and 1517.
37
What is the greatest common factor of 520 and 283140?
260
Calculate the greatest common factor of 426 and 2922.
6
What is the greatest common divisor of 85 and 79560?
85
Calculate the greatest common factor of 1425 and 2337.
57
Calculate the greatest common factor of 200 and 1280.
40
What is the highest common divisor of 585891 and 63?
9
What is the greatest common divisor of 49960 and 120?
40
Calculate the highest common factor of 4420 and 69020.
340
What is the greatest common factor of 30101 and 1147?
31
Calculate the greatest common factor of 2758 and 4925.
197
What is the highest common factor of 58 and 2533730?
58
What is the highest common divisor of 2959 and 77?
11
What is the greatest common divisor of 420 and 76650?
210
Calculate the greatest common divisor of 428 and 126474.
214
What is the highest common factor of 541764 and 2533?
149
What is the highest common divisor of 15 and 16560?
15
Calculate the highest common factor of 287 and 19733.
7
Calculate the highest common factor of 3302 and 22.
2
Calculate the greatest common factor of 6919 and 11.
11
What is the greatest common divisor of 21182 and 903261?
1513
Calculate the highest common divisor of 9597 and 42.
21
What is the highest common factor of 25764 and 678?
678
What is the greatest common factor of 9804 and 172140?
228
Calculate the highest common divisor of 2434012 and 84.
28
Calculate the highest common divisor of 7301896 and 112.
56
What is the greatest common factor of 39336 and 6?
6
What is the highest common divisor of 1120 and 383320?
280
Calculate the highest common factor of 110818 and 201.
67
What is the greatest common factor of 316701 and 189?
63
What is the greatest common factor of 6417 and 1173?
69
Calculate the greatest common factor of 5715 and 7605.
45
What is the highest common factor of 1413009 and 26?
13
What is the highest common divisor of 178840 and 408?
136
What is the highest common divisor of 300047 and 22?
11
Calculate the greatest common factor of 315 and 107247.
21
Calculate the greatest common divisor of 1035 and 3600.
45
What is the highest common factor of 140511 and 42?
21
Calculate the highest common factor of 1002 and 5291562.
1002
What is the highest common factor of 160 and 95790?
10
What is the greatest common divisor of 57 and 100187?
19
Calculate the greatest common factor of 377696 and 1232.
176
Calculate the greatest common divisor of 34 and 36414.
34
What is the highest common divisor of 42816 and 23638?
446
What is the greatest common divisor of 650 and 66625?
325
Calculate the highest common factor of 31 and 68603.
31
What is the greatest common factor of 231 and 661276?
77
What is the highest common divisor of 1829236 and 4044?
1348
Calculate the greatest common divisor of 670 and 31370.
10
Calculate the greatest common divisor of 112 and 462343.
7
Calculate the highest common divisor of 71 and 6816.
71
What is the greatest common factor of 326 and 640427?
163
Calculate the highest common factor of 22912 and 1611.
179
What is the greatest common factor of 68 and 21658?
34
Calculate the greatest common divisor of 77190 and 12090.
930
What is the highest common divisor of 1122 and 10506?
102
Calculate the highest common factor of 830 and 6902695.
415
What is the greatest common divisor of 3655014 and 66?
66
What is the greatest common divisor of 209 and 708719?
209
Calculate the greatest common divisor of 8982 and 81.
9
What is the highest common factor of 19300 and 70?
10
Calculate the highest common factor of 300 and 198420.
60
What is the greatest common factor of 91014 and 182?
14
Calculate the highest common divisor of 2007 and 9.
9
Calculate the greatest common factor of 5831811 and 621.
621
What is the greatest common divisor of 19782 and 18?
18
Calculate the greatest common divisor of 979 and 89178.
89
Calculate the highest common factor of 72652 and 121382.
886
What is the highest common divisor of 40810 and 550?
110
Calculate the greatest common factor of 320 and 122750.
10
What is the greatest common factor of 130670 and 2920?
730
What is the highest common factor of 213930 and 290?
10
What is the highest common factor of 257694 and 29?
29
What is the highest common divisor of 44 and 326084?
44
Calculate the highest common factor of 1960608 and 26.
26
What is the highest common factor of 396 and 6903?
9
What is the greatest common divisor of 8608 and 704?
32
What is the greatest common factor of 261500 and 1500?
500
Calculate the highest common divisor of 98 and 2530409.
49
Calculate the highest common factor of 92170 and 3055.
65
Calculate the highest common divisor of 25548 and 24.
12
What is the greatest common factor of 70 and 29589420?
70
Calculate the greatest common factor of 12567 and 639.
213
What is the highest common divisor of 16 and 715688?
8
What is the highest common factor of 21156 and 101598?
246
What is the greatest common factor of 442681 and 874?
437
Calculate the greatest common divisor of 24 and 1544610.
6
Calculate the highest common factor of 297 and 36036.
99
What is the highest common divisor of 9771 and 3?
3
Calculate the greatest common factor of 1007 and 6529388.
1007
Calculate the highest common divisor of 91 and 293969.
13
What is the highest common divisor of 468502 and 190?
38
Calculate the highest common divisor of 773 and 5787451.
773
Calculate the greatest common divisor of 1008 and 644.
28
Calculate the highest common divisor of 29709 an